tive of u**2 - 33*u + 1867. What is v(19)?
5
Let x(w) = w**3 + 4*w**2 - 4*w + 4. Suppose 3*a + 58 = -5*b, -3*a = -5*b - 0*a - 82. Let s be b/49 + (-23)/(-7). Suppose 2 + 13 = -s*y. Give x(y).
-1
Suppose 81*n + 25 = 82*n. Suppose 0 = 3*z + 5*q - 101, 0*q + 3*q + 15 = z. Let u = n - z. Let t(o) = 2*o**2 - o - 1. Give t(u).
9
Let v(k) = -12*k - 71. Suppose -357*w - 98*w - 342 = 2843. Determine v(w).
13
Let m(o) = -o**3 + 10*o**2 + 2*o - 2. Let z = -5008 - -5018. Determine m(z).
18
Let a(g) = -g**2 - 8*g**2 - 521*g**3 + 9*g + 0*g**2 - 10 + 520*g**3. Suppose 3*p = -t - 28, -2*p + 4*t = 28 - 0. Calculate a(p).
0
Suppose 22*s - 51 + 867 = -26*s. Let z(f) = f**3 + 16*f**2 - 14*f + 40. Give z(s).
-11
Let x(o) = -8*o**2 + 3 - 8*o**2 - 47*o + 4 + 25*o**2. What is x(5)?
-3
Let i = 5 + -3. Let c(k) = 4*k + 6. Let w(m) be the second derivative of m**4/12 + 5*m**3/6 + 7*m**2/2 - 42*m. Let l(x) = 5*c(x) - 4*w(x). Determine l(i).
-14
Let l(d) = -3*d**3 + d**2 - 2*d + 1. Suppose -p - 258 - 106 = -2*v, 2*v + 2*p = 364. Suppose 3*o + 179 = v. What is l(o)?
-3
Let t(r) = -3*r - 17. Suppose -190*l + 638 = -7*l - 643. Determine t(l).
-38
Let s(l) = 49*l - l**3 - 19*l - 16*l - 2*l**2 - 11*l + 7. What is s(4)?
-77
Suppose 5*o - 5 = 0, 5*o - 7 = -2*l + 50. Let i(n) = 5*n - 132. What is i(l)?
-2
Suppose 7*t + 5*d + 4 = 3*t, 3*d + 28 = 4*t. Let n(u) = 2*u - u**3 - 2*u**2 + 8*u**2 - 4 - 2*u**2. Calculate n(t).
4
Let z be 3/(-18)*(270 + -276). Let g(s) = -9*s + 7. What is g(z)?
-2
Suppose 348*x - 48 = 354*x. Let f(r) = -18 + 23 - 3*r - 15. Give f(x).
14
Suppose -16*d - 54 = -342. Suppose 0*u - d = -4*b + 2*u, 5*b - 42 = -4*u. Let z(j) = 3*j - 10. Determine z(b).
8
Let u(j) be the third derivative of j**7/1260 - j**6/40 + 7*j**5/30 + j**4/24 + j**2 + 46. Let t(p) be the third derivative of u(p). Calculate t(6).
6
Let c(a) = 2*a**2 + a - 24. Let v(n) = 19*n**2 + 8*n - 236. Let g(x) = -29*c(x) + 3*v(x). Let m(o) = -o**2 - 3*o - 4. Let u be m(-4). What is g(u)?
-36
Let t(s) be the third derivative of -1/24*s**4 + 0 - 2/3*s**3 + s - 7/60*s**5 + 20*s**2 - 1/120*s**6. Give t(-7).
3
Let m(s) = 47 + 123 - 3*s - 60. Let f be m(35). Let g(o) = -5*o**2 + o**2 - 4 + 3*o**2 + 6*o. Give g(f).
1
Let v(m) = 2*m**2 - 3*m + 3. Let k be v(3). Suppose j - 13 = -k. Suppose 8*i + 49 = j. Let f(d) = d**3 + 6*d**2 - d - 8. Determine f(i).
-2
Let q(v) = -v**2 - 3*v + 5. Let r(x) = -10*x. Let k be r(-2). Let c be 3*2/(-3) - k. Let a = c + 18. Determine q(a).
1
Let r(p) = p**2 - 7*p - 24. Let l be (46/69)/((-2)/((-30)/1)). Let g be l*-1*-8*1/8. Give r(g).
6
Let a(t) = -t**3 - t - 1. Let l be (-2)/(-10) - (12/10 + -1). Suppose l = 3*u + 9, -5*u - 15 = -10*x + 12*x. What is a(x)?
-1
Suppose 91 = 215*j - 202*j. Let w(n) = n - 7. What is w(j)?
0
Let h = 44 - 37. Let p(y) be the second derivative of -y**4/12 + 7*y**3/6 - 4*y**2 + 3*y + 1. Determine p(h).
-8
Let k(h) = 3*h - 40. Let s(n) = -n**3 - 7*n**2 + 38*n + 275. Let r be s(-6). Give k(r).
-7
Let o(h) = 72 + 14*h**2 - 141 + 67 + 2*h - 18*h**2. Give o(-5).
-112
Let d = 9 - 15. Let r(m) = -4*m**2 - 12*m + 26. Let f(u) = 7*u**2 + 21*u - 48. Let z(v) = 3*f(v) + 5*r(v). Give z(d).
4
Let j(s) = s**3 + 5*s**2 - 7*s - 8. Let w = -110 - -114. Suppose 0 = w*k + 3*h + 24, 12 = -3*k + 5*h - 6. What is j(k)?
-2
Let j(a) be the first derivative of a**3/3 - 3*a**2 - 8*a + 576. Calculate j(8).
8
Let d = -11 + 13. Suppose 5*g + 3*z = 0, -d*z = 2*g + z. Let t(l) = 13*l - 75. Let h(r) = -7*r + 40. Let o(a) = 11*h(a) + 6*t(a). Give o(g).
-10
Let c(r) = 9*r. Let o = -138 + 145. Suppose -o*h = -f - 9*h - 11, 2*f - h = 3. Calculate c(f).
-9
Let m(l) = 12*l + 6. Let h(c) = -10 + c + 6 + 5. Let r(z) = -10*h(z) + m(z). Let v = 1 + 3. Determine r(v).
4
Let o = 25701 + -25705. Let d(y) = -y**3 - y**2 - 3*y + 8. Determine d(o).
68
Let h(r) be the third derivative of -r**4/24 + 11*r**3/6 + 2*r**2. Let f(g) = g**3 - 33*g**2 - 313*g + 10334. Let n be f(33). Calculate h(n).
6
Let z(f) = -f - 2. Let q = 216 + -216. Suppose d - 2 - 3 = q. Calculate z(d).
-7
Let g(b) = -b**2 - 7*b - 13. Let h(x) = -127*x - 390. Let f be h(-3). Give g(f).
-31
Let f(w) = -w**3 - 3*w**2 + 10*w - 2. Let d be 56/21*-6*12/(-64). Calculate f(d).
-26
Let w(f) = 9*f + 40. Let x(j) = 20*j + 91. Let l(p) = 14*w(p) - 6*x(p). Calculate l(10).
74
Suppose 62*g - 474 + 308 = 330. Let s(l) = l - 10. Determine s(g).
-2
Suppose 183*f - 423 = 174*f. Let u(y) = 4*y - 19 - 30 + 2*y + f. What is u(8)?
46
Let k(g) be the third derivative of g**8/10080 + g**7/1008 + g**6/360 + g**5/15 - g**2 + 25. Let x(l) be the third derivative of k(l). What is x(-3)?
5
Let c(v) be the third derivative of -1 - 2/3*v**3 - 1/24*v**4 + 18*v**2 + 0*v. Calculate c(6).
-10
Suppose -u = u - 4. Suppose -u*p + 7 = -15. Let j(z) = 2*z - 5*z - 3 + 5*z + p. Give j(-6).
-4
Let w be (-130)/(-8) + 3/(-12). Let x(j) be the first derivative of -1/2*j**4 - 1/2*j**2 - w + 0*j**3 + 0*j. What is x(1)?
-3
Let o(a) = a**2 + 5*a - 10. Suppose -66 = -8*p + 2*p. Suppose t - 4 = -p. Give o(t).
4
Let b(t) = -12*t - 12 + 5*t + 3*t - 3 + 4*t + 4*t. Suppose -18 = -4*x + 6. Determine b(x).
9
Let a(t) = -8*t - 2*t - 7 + 12*t - t. What is a(2)?
-5
Let k(i) = 11*i + 764. Let n be k(-70). Let l(t) = -t**2 + 2*t + 4. Calculate l(n).
-44
Let x(d) = -d**3 - 13*d**2 + d + 18. Let p(n) = 119*n + 25. Let u be p(-5). Let y = u + 557. Determine x(y).
5
Let k(b) = b**2 + 3*b - 9. Let x(a) = -2*a**2 - 6*a + 19. Let p(u) = 9*k(u) + 4*x(u). Let n be (-2 - -42)*(-12)/(-16). Suppose -45 = 15*i + n. Calculate p(i).
5
Let s(l) = -19*l - 159. Let o(z) = 2*z + 3. Let g(v) = -6*o(v) + s(v). Determine g(-6).
9
Let c(s) = 1416*s**2 - 2 + 6*s - s**3 - 2819*s**2 + 0 + 0*s**3 + 1410*s**2. Let z be (13/13)/(1/8). Determine c(z).
-18
Let a(p) = p**3 - 17*p**2 + 82*p - 1067. Let c be a(16). Let r(v) = v**3 + 9*v**2 - 8*v - 1. Determine r(c).
-155
Suppose 12*h + 5 = 13*h - 3*i, -3*h = -4*i + 5. Let y(x) = 9*x + 22. What is y(h)?
-41
Let i(z) be the first derivative of -z**2 + 5. Suppose 25*y + 59*y = 336. What is i(y)?
-8
Let k(m) be the third derivative of -m**8/20160 - m**7/720 - m**6/360 - m**5/5 + m**3/6 - 22*m**2. Let w(o) be the third derivative of k(o). Give w(-8).
-10
Let d(f) = -f**2 + 41*f - 323. Let u be d(31). Let s(p) = p**3 + 12*p**2 - 6*p + 16. Give s(u).
-75
Let r(c) = 7*c + 238. Let x(l) = l**3 + 29*l**2 - 101*l - 20. Let u be x(3). Give r(u).
-7
Let x(h) = h**3 + 8*h**2 + 2*h + 26. Let m be (-43)/5 + (1050/(-125))/(-14). Give x(m).
10
Let g(o) = -o**3 + 5*o**2 - 6*o + 4. Let w be g(4). Let c = 7 - 2. Let v(y) = -102*y + c - 5 + 103*y. Calculate v(w).
-4
Let m(c) be the third derivative of -c**4/12 - 5*c**3/3 + c**2. Let f(p) = 3*p**2 - 69*p - 17. Let q be f(24). Suppose 9*x + 17 = -q. Calculate m(x).
6
Let b(i) = i - 9. Let a be (4 + -1)/(-3) + 3. Let o be ((-2)/a*-1)/1. Let q be (-3 + 5 + 4)/o. What is b(q)?
-3
Let h(q) = 10*q + 3*q**2 - 3*q - 4*q**2 + 7 - 9. Suppose -3986*f + 3973*f = -91. Calculate h(f).
-2
Let l(r) be the first derivative of 39*r**2/2 - 197*r + 60. Let j be l(5). Let y(o) = -12*o + 1. Give y(j).
25
Let x(k) = 2*k**3 - 9*k**2 + 2*k - 10. Let y(b) = -3*b**3 + 17*b**2 - 3*b + 19. Let z = -227 + 224. Let g(t) = z*y(t) - 5*x(t). Calculate g(-6).
-1
Suppose 4 = -3*h + 4*r + 25, 3*h = 3*r + 21. Let w(f) be the second derivative of -f**4/12 + 2*f**3/3 + 4*f**2 - 8*f + 7. Calculate w(h).
-13
Suppose 0*b = -l - 3*b - 11, 4*b = 3*l + 111. Let u(r) = -r**3 - 22*r**2 + 204*r + 34. What is u(l)?
5
Let p(r) = -4*r**3 - 2*r**2 - 59*r - 13. Let j(z) = 3*z**3 + z**2 + 38*z + 12. Let n(g) = 3*j(g) + 2*p(g). Calculate n(5).
90
Let z = -4545 - -4547. Let q(f) be the first derivative of -31 - 1/2*f**z + 11*f. Give q(8).
3
Let n(j) = -14*j - 60. Let d(b) = -b**3 + 8*b - 1. Let s be d(3). Calculate n(s).
-4
Let f(p) = 4*p**2 - 7*p - 21. Suppose -336 = 75*w - 111. Calculate f(w).
36
Let l(j) = -j**2 + 11*j - 32. Suppose -460 = -12*r + 2*r. Let n = r + -40. Let o be l(n). Let i(a) = -a**2 - 2. Determine i(o).
-6
Suppose -6*b - 22*b = -28. Let k(d) = -37 + 38 - 4*d - d. What is k(b)?
-4
Let h(y) = -3*y**3 + 3*y**2 - 2*y. Let c be (60/(-180))/((-2)/18). Give h(c).
-60
Let d(m) = -m**2 + 3*m + 45. Let a = -12010 + 12010. Determine d(a).
45
Suppose 0 = -8*u + 37 + 11. Let v(g) = u*g - 13 - 3